/8). Let m = 10 + p. Let l(w) = 18 + w**2 - 14 - 16*w - 19*w + 42*w. Determine l(m).
-2
Let h be -15 - -13 - (1 - 1). Let a be (-2 + 2/h)/(-1). Suppose 8*t - a*t = 0. Let i(r) = r - 5. Determine i(t).
-5
Let l(s) = s**3 + 2*s**2 + 21*s + 72. Let q be l(-3). Let h(p) = 3*p + 5. Determine h(q).
5
Let y = 4 - -1. Let r(j) = 2*j - 10. Let z be r(y). Let n be z*(3 - (-8)/(-3)). Let h(w) = -w**2 + 4. Give h(n).
4
Let q(p) = p**2 - 9*p - 13. Let h be q(10). Let u(k) be the second derivative of -k**4/12 - k**3/2 - 3*k**2/2 - 2*k + 4. Give u(h).
-3
Let w(x) = 7*x - 6. Let u(q) be the first derivative of -q**2/2 - 6. Let d(o) = -6*u(o) - w(o). Give d(3).
3
Let n(v) = 14. Let h(c) = -3*c - 231. Let q(l) = 2*h(l) + 33*n(l). Let g(d) = d - 3. Let u be g(6). Calculate q(u).
-18
Let z(o) = -24*o + 86. Let x be z(4). Let q(t) = -2*t**2 - 15*t. Give q(x).
-50
Let w(c) = -c**2 - c. Let j(f) = 12*f + 128. Let m be j(-11). What is w(m)?
-12
Let p(r) = -40*r**2 + 3*r + 2 - 4 + r**3 + 1 + 39*r**2. Calculate p(2).
9
Let w(y) = -3*y - 2*y + 5 - 26 + 12 + 7. What is w(5)?
-27
Let v be (56/(-84))/(2/6). Let s(i) = i**2 + 2*i + 3. What is s(v)?
3
Let d(s) be the first derivative of 14 + 6*s**2 - 3*s**2 - s - 6 - 4*s**2. What is d(1)?
-3
Let c(d) = -d**2 - 6*d - 5. Let x be 8 + (0/2)/(-3). Suppose -3*t - 37 = -q, 0*q - 65 = 5*t - q. Let k = t + x. Determine c(k).
-5
Let f(o) = -o**2 + 4*o + 2. Let t(x) = x**3 + 14*x**2 - 32*x + 4. Let y be 24*(1 - (-4)/(48/(-20))). Let q be t(y). Give f(q).
2
Let m(s) = s. Let a = 34 + -34. Suppose 2*u + a = -12. Give m(u).
-6
Let m(z) = -z**3 + 6*z**2 - 8*z + 1. Suppose 66*g = 63*g + 15. Determine m(g).
-14
Let a(f) = f - 3 + f**2 + 1 + 3 - 4. Suppose -54 = -4*d - 4*r + 58, 0 = -d - 4*r + 22. Let v = -27 + d. Calculate a(v).
9
Let j(f) = f**2 + 12*f + 7. Suppose -24 = 2*s + 2*x - 4, -s - 3*x - 18 = 0. Give j(s).
-29
Let n(v) be the third derivative of -1/3*v**3 + 5/24*v**4 + 0 + v**2 + 1/120*v**5 + 0*v. Let o(s) be the first derivative of n(s). Calculate o(-6).
-1
Suppose -8*s = -4*s - 12. Let f be 21/28*(-8)/(-6). Let j(p) = p**3 + f - 3 + 2*p + 0*p - 4*p**2. What is j(s)?
-5
Let s(f) = 0 + 22*f - 25*f + 1 - 2. Let p(b) = 10*b + 3. Let k(m) = 4*p(m) + 11*s(m). Suppose 2 = -3*o + 5*o. Give k(o).
8
Let w = 10 - 5. Suppose b - 2*b - w = 0. Let z(o) = o**3 + 4*o**2 - 8*o - 7. Determine z(b).
8
Let b(o) be the second derivative of -4*o**5/5 + o**4/4 - o**3/3 + 5*o - 71. Give b(1).
-15
Let x(t) = t + 4. Let g = -6 - -4. Let o = 18 - g. Suppose 4 + o = -4*m. Give x(m).
-2
Suppose 2*a - 38 = -8. Let z(x) = 15 - a - 9*x. Let s(v) = -v. Let j(o) = 6*s(o) - z(o). Give j(3).
9
Let b be ((-12)/16)/((-1)/4). Let p(y) = -4 + b - 2*y + y**2 - 4 + 8*y. Give p(-5).
-10
Let k(j) = -j**2 - 4*j - 1. Let o(i) = -i**2 - 3*i. Let w(x) = -2*x**2 - 6*x + 4. Let r be w(-4). Let a(s) = r*o(s) + 3*k(s). Calculate a(3).
6
Let o(x) = -8*x**3 - 22*x**2 + 33*x - 2. Let a(i) = -3*i**3 - 11*i**2 + 16*i - 1. Let m(b) = -5*a(b) + 2*o(b). Give m(10).
-39
Let g = 28 + -26. Let y(p) = -8*p**2 + 12*p**g + 2*p - 2*p. Let v be y(1). Let h(k) = k - 8. What is h(v)?
-4
Let r = 0 + 0. Let u(q) be the second derivative of q**4/24 + 5*q**3/2 - 20*q**2 + 18*q + 1. Let k(a) be the first derivative of u(a). Determine k(r).
15
Let g be (16/56)/(14/245). Let a(z) be the third derivative of 0*z**4 - 1/24*z**6 + 0 - z**2 + 0*z + 0*z**3 + 1/60*z**g. Calculate a(1).
-4
Let j(r) = -r - 1. Suppose -4*x + m = -5*x - 11, 26 = -x + 4*m. Let v = 10 + x. Let b = -7 - v. Calculate j(b).
2
Let m = 296 - 289. Let n(p) = -p + 5. What is n(m)?
-2
Let r(z) be the third derivative of z**5/60 + z**4/8 + z**3/6 + 7*z**2. Let v(f) = 2 - 4 + f + 8. Let o be v(-9). Determine r(o).
1
Let f(l) = -5 + 15 - 4 + 0 - 2*l. Let b be (4 - 2/1) + -2. Suppose b = 2*y + r - 4*r - 3, 0 = -5*y - 4*r + 42. Calculate f(y).
-6
Let f(m) be the first derivative of m**4/12 + 4*m**3/3 + 5*m**2/2 + 21*m - 21. Let d(z) be the first derivative of f(z). Determine d(-5).
-10
Suppose 5*m + 124 = 39. Let w = 14 + m. Let i(k) = 3*k + 3. Determine i(w).
-6
Let k(p) = p**2 + p. Suppose 12 = 4*q, -4*v + 3*q + 1 + 2 = 0. Let a = 5 + -3. Suppose -a*f = -f - v. Give k(f).
12
Let j(g) be the first derivative of g**3/3 + 4*g**2 + 6*g - 84. What is j(-7)?
-1
Let i(b) = 3*b - 12. Let r = 22 - 15. Let p be (16 - 0)/(r - (1 - -4)). Calculate i(p).
12
Suppose b - 5*b + 12 = 0. Let d(t) be the first derivative of -1/2*t**2 - 3*t - 5. Give d(b).
-6
Let d(l) = 4*l - 12. Let k = -492 + 497. What is d(k)?
8
Let n(w) = -68*w - 133. Let y be n(-2). Let l(z) be the second derivative of 0 + 1/12*z**4 - 11*z + 5/2*z**2 - 5/6*z**y. What is l(5)?
5
Let x(h) = -2*h - 1. Suppose 0*d + 2*n + 8 = 4*d, 4*n = -3*d + 6. Let w be (2 + -36)*(d - 3). Let v = 29 - w. Determine x(v).
9
Let i(v) = 5148*v - 10294*v - v**2 + 5154*v + 13. Determine i(8).
13
Let g(t) = 3*t - 5. Let y be 7 - (2 + 0 + -5). Give g(y).
25
Let z = 0 - -2. Let q(x) = 3*x - 1. Let w be q(2). Suppose -w*o = 0, -a - o + z = -2*a. Let m(c) = c**3 + 2*c**2 - 2. What is m(a)?
-2
Let n(y) = -7373*y**2 - 7380*y**2 - 24*y**3 - 1 + 2*y + 14752*y**2. Suppose -2*f = f - 3. What is n(f)?
-24
Let v(y) = -481*y + y**2 + 247*y + 239*y - 4. Calculate v(-7).
10
Let c(u) = u**2 - 5*u + 3. Suppose -j - 4*r = 5, -3*r + 25 = -5*j - r. Let f be 8/40 - 9/j. Determine c(f).
-3
Let g(p) be the second derivative of -p**5/20 + p**4/3 + 2*p**3/3 - p**2 + p. Suppose 0 = -5*x + x + 20. Let y be (2/x)/(((-21)/30)/(-7)). Calculate g(y).
14
Suppose 127*j - 12 = 125*j. Let z(a) be the third derivative of 0 + 1/12*a**5 - 4/3*a**3 + 0*a + 7/24*a**4 - 1/120*a**6 + 3*a**2. What is z(j)?
-2
Let o(v) = -37*v - 2 + 12*v + 34*v**2 - 33*v**2 + 13*v. What is o(12)?
-2
Suppose 0 = -p + 2*j + 6, 3*p - 8 = -2*j + 3*j. Suppose -2*x - p*x = -12. Suppose -x - 37 = -5*y. Let z(s) = s - 9. Give z(y).
-1
Let y(t) = t**3 - 5*t**2 - 4*t - 8. Let k = -1517 - -1523. Give y(k).
4
Let z(a) = a**2 - 2*a - 29. Let m be z(-5). Let y(i) = m + 0*i**2 - 8 + i**2 + 0*i**2. Calculate y(4).
14
Let j(l) be the third derivative of -13*l**4/24 - 3*l**2. Suppose 3 = 3*a - 6. Suppose -r + 2*d = a, 3*d - 8 = -2*r - 0. Give j(r).
-13
Let v(f) = -299*f + 301. Let l be v(1). Let o(q) = -q**2 + 4*q + 1. Determine o(l).
5
Let l(j) = -1. Let x(o) = -o + 11. Let y(a) = -5*l(a) - x(a). Suppose 13*f = 18*f. Suppose -2*d + 7*d = f. Give y(d).
-6
Suppose 4*k = h - 11, 2*k + h + 5 = -8. Let s(r) = 5*r + 2 - 6*r + 0*r. Give s(k).
6
Suppose 3*w + 12 = 4*r - 1, -r + 1 = -3*w. Let q(g) = -10*g + 5. Let d(x) = -5*x + 2. Let m(a) = -5*d(a) + 2*q(a). Determine m(w).
5
Let v(z) = 0 - 2*z - 4 - z. Let u(g) = -g**2 - 5*g + 208. Let n be u(12). What is v(n)?
-16
Let o(d) = d**2 + 8*d + 10. Let t = 85 - 92. Give o(t).
3
Let p be (-104)/39 - (-3)/(-9). Let n(s) = s + 2 + 3*s**2 - 3*s - 4*s**2. What is n(p)?
-1
Let w = -687 - -685. Let q(z) = 2*z**2 + 5*z + 7. Calculate q(w).
5
Let w(o) = -13 - o**2 + 10*o - 9 - o + 4 - o. What is w(6)?
-6
Let q = -19 + 13. Let u(k) = 3*k**3 - k**2 + 4*k + 5. Let b = 25 - 18. Let w(v) = 5*v**3 - 3*v**2 + 9*v + 11. Let c(d) = b*u(d) - 4*w(d). Give c(q).
3
Suppose 19*i = -34*i + 106. Let z = -4 - -7. Let t(k) = 3*k - 3. Let g(d) = -5*d + 7. Let a(v) = z*g(v) + 7*t(v). Determine a(i).
12
Let u(q) be the first derivative of q**4/2 - 4*q**3/3 + 3*q**2/2 - q - 5. Let g be u(2). Suppose -4*n + g = n. Let a(v) = -9*v**2 - 2*v + 1. Calculate a(n).
-10
Let j(h) = -4*h - 5. Let m(k) = -2. Let u(a) = -j(a) + 2*m(a). What is u(2)?
9
Let q(r) = r**2 - 3*r. Suppose -4*y + 2 + 10 = 0. Let z be q(y). Let x(p) = -p - 3 - 2 + z. Give x(4).
-9
Let m(z) = -z**3 - 2*z**2 + 2. Let a be m(-2). Let p(b) = -3*b - b - 14 + b + a*b. Let h = 4 - 10. Determine p(h).
-8
Suppose -2*o + 0 + 12 = 0. Let m(t) = -2*t + 7. Let a(f) = 2*f - 7. Suppose -p - 5 - 4 = -2*u, 3*u - 2*p - 15 = 0. Let z(q) = u*a(q) + 2*m(q). What is z(o)?
5
Let q(w) = 8*w**2 - w + 1. Let g be 20/150 + 506/30. Let o = 18 - g. What is q(o)?
8
Let x be 2/(-2 + -6)*-4. Let d(u) = -7 + x + 0 - 5*u - u**2. Suppose 24 = -4*y - 2*m, -5*m + 3*m = 5*y + 28. Give d(y).
-2
Let c(t) = -t + 13. Let s(g) = -3*g + 29. Let n(x) = -7*c(x) + 3*s(x). Determine n(-5).
6
Let p(u) be the third derivative of u**6/120 - u**5/6 - 7*u**3/6 + 4*u**2 + 